+ 11*o(l). Calculate c(m).
-7
Let g(m) = 3*m**2 - m + 2. Let n(k) = -9*k**2 + 3*k - 5. Let t = 2 + 2. Let u(i) = t*n(i) + 11*g(i). Determine u(2).
-8
Suppose 85*d - 82*d + 18 = 0. Let g(f) = -f**2 - 8*f - 6. What is g(d)?
6
Let k(s) = 2 - 1 + 0 - 8*s. Determine k(1).
-7
Let r(j) = -j**3 - 5*j**2 + 4*j + 3. Let k be r(-6). Let b be (-5)/k*-3*2. Let q(c) = -2*c**2 + c + 0*c**b + 0*c**2. Calculate q(2).
-6
Let n(h) = 7*h + 5. Let d(l) = -6*l - 4. Let y(j) = 4*d(j) + 3*n(j). Let u(g) = g**3 + 15*g**2 + 14*g - 1. Let o be u(-14). Calculate y(o).
2
Let x(p) = -6*p**2 + 30*p**3 - 4 - 21*p**3 - 8*p**3 - 2*p. Calculate x(6).
-16
Suppose 3*g = l + 17, 3*l + 3*g = 8*g - 31. Let x(o) = -o**3 - 2*o**2 - 4*o - 3. What is x(l)?
5
Let o(g) = g**2 + 8*g + 2. Let n be o(-5). Let y = 10 + n. Let r(c) = 3*c**2 + 1. Let j(i) = -i**3 + i**2 + i + 1. Let x(m) = j(m) - r(m). Give x(y).
6
Let w(v) = 18*v**2 + 6*v + 2 + 17*v**2 + 13*v**2 - 47*v**2. Suppose -c = -0 + 6. What is w(c)?
2
Let l be -6*(-4)/8 + -3. Suppose s - 22 = 4*k, 3*s - 3*k - 26 = -5. Let x(p) = -p + s + p**2 - 2 - 3. Give x(l).
-3
Let s(c) = 3 - 2*c**2 - 7*c + 3*c + c. Suppose 2*d - 16 = -2*d. Suppose -4*n = -12 + d. Calculate s(n).
-11
Suppose 0 = 2*a - 4*k - 1 - 11, 0 = 5*a + 2*k - 18. Let o(i) = i**2 - 4*i + 3. Give o(a).
3
Let h(y) = -y**2 + 5*y + 3. Let v(d) be the third derivative of d**5/60 - 7*d**4/24 + 2*d**3/3 - 3*d**2. Let a be v(7). Give h(a).
7
Suppose -2*m = -4 - 8. Let c(o) = -2 - m + 6 + 0*o - o. Let p(g) = -g - 6. Let h be p(-6). What is c(h)?
-2
Let c(i) = -6*i + 26. Let j be c(5). Let p(l) = l**2 + 4*l + 6. Give p(j).
6
Suppose 0 = -4*p - 4*a - a + 13, 4*p - 6 = 2*a. Suppose w - z + 14 = -w, -p*z + 20 = -3*w. Let s be (-1)/(-2*(-2)/w). Let v(q) = -5*q - 2. Give v(s).
-12
Let n(f) = f - 3. Let i be ((-3)/3)/((-1)/23). Suppose -2*r = 3*a - i, r - 9 = -3*a + 2*a. Give n(a).
2
Let u(f) = 3*f**2 + 9*f - 8. Let i(g) = -4*g**2 - 14*g + 12. Let j(z) = 5*i(z) + 7*u(z). Give j(7).
4
Let w(v) = 6*v + 2. Suppose -a = 2*a - 12. Suppose -3*t + 2 = -a. What is w(t)?
14
Let i(r) be the first derivative of -1/6*r**3 + 0*r - r**2 - 1/60*r**5 + 3 - 1/8*r**4. Let n(c) be the second derivative of i(c). Give n(-3).
-1
Let a(g) = -4*g - g**3 + 9*g**2 - 4*g**2 - 38 + 33. Give a(4).
-5
Let m(y) be the first derivative of y**4/12 - 2*y**2 + 7*y - 5. Let q(k) be the first derivative of m(k). Suppose 0*n + 2*n = 0. Calculate q(n).
-4
Let w(p) = -p**3 - 1. Suppose x + 36 + 18 = 0. Let l be x/(-30) - (-1)/5. Calculate w(l).
-9
Suppose -9*v = 11*v - 80. Let u(k) = -k**3 + 2*k**2 + 3*k + 4. What is u(v)?
-16
Let s(u) be the second derivative of -u**4/12 - 5*u**2/2 - 15*u. Determine s(-4).
-21
Let d be 0 + 2 - (-40)/(-8). Let z(y) = -3*y + 3. What is z(d)?
12
Suppose -4*w = -c + 23, -4*c - w - 2 = -3*c. Let h(a) = -a**2 + 4*a - 2. What is h(c)?
1
Let a(p) = -9*p - p**2 + 14*p - 4*p. Let v = -3 + 6. Give a(v).
-6
Let x = -1 + 4. Let b(d) = 32 - 4*d**x + 0*d**3 - 31 + 0*d**3 + d - d**2. Suppose -2*j = -f + 3, -2*f + 0*j + j = 0. What is b(f)?
3
Let q(n) = n + 12. Let o = -63 - -53. Give q(o).
2
Suppose -4*k + 32 = 8. Let c(u) = -u**3 + 5*u**2 + 3*u + 5. What is c(k)?
-13
Let t(v) = 2*v - 3. Let h(o) = o. Let r(q) = h(q) - t(q). Determine r(7).
-4
Let k(s) = 7*s - 11. Let o(y) = -3*y + 6. Let x(m) = 6*k(m) + 11*o(m). Give x(1).
9
Let b(h) = 6*h**3 - h**2 - 2*h - 1. Suppose 0*z = 5*z - c - 80, -z + 32 = 3*c. Suppose 4*q + 1 = -4*s + z, 4*s + 24 = 4*q. Give b(s).
-6
Let v(w) = 3*w**2 - 5*w - 9. Let m(y) = 5*y**2 - 8*y - 14. Let i(j) = -5*m(j) + 8*v(j). Determine i(-4).
-18
Let u(y) = -y**3 + 6*y**2 + 5*y. Suppose 0 = -3*a + 2 + 19. What is u(a)?
-14
Suppose c = 3*c + 8. Let h(n) = 3*n + 6. Determine h(c).
-6
Let f be 16/3 - 16/(-24). Let o(b) = -6*b**2 - 7*b + 0*b**3 - f + 0*b**3 - 1 - b**3. Determine o(-5).
3
Suppose 5*n - 6 = 4. Let b(j) be the second derivative of -1/6*j**3 - 5*j**n - j + 0. Calculate b(-5).
-5
Let a(u) be the second derivative of u**3/3 - 2*u**2 - 7*u. Let f be 2/6 + (-56)/(-12). What is a(f)?
6
Let z(m) be the third derivative of m**5/15 + 2*m**2. Let b be 6/9*(-9)/6. Calculate z(b).
4
Suppose 4*c = -3*l - 27, 0 = 4*c - 5*l - 18 + 69. Let x = c - -4. Let p(r) be the first derivative of r**4/4 + 2*r**3 + 2*r**2 + r + 3. Give p(x).
6
Let v(q) be the first derivative of q**4/4 + q**3 + q**2/2 - 2*q + 30. What is v(-3)?
-5
Let w(p) = p**3 - 5*p**2 + 3. Let d(h) = 2*h**3 - 10*h**2 + 7. Suppose 0 = 4*t + 3*k + 1 + 21, k = 2. Let x(u) = t*w(u) + 3*d(u). Give x(5).
0
Let a(d) = 6*d - 2*d + d**2 + 0*d + 4. Suppose 7*f - 30 = -2*r + 2*f, 0 = -f + 4. Suppose -20 = r*q - 0. Calculate a(q).
4
Let s = -5 - -11. Let m(g) = -g**2 + 7*g - 2. What is m(s)?
4
Let b(i) = -3*i + 12 - 6*i + 12*i. What is b(-9)?
-15
Let x(d) = -d**2 + 12*d - 5. Suppose 86 = 5*n + 26. Determine x(n).
-5
Let l(b) be the second derivative of b**6/120 - b**5/30 - b**4/12 - b**3/3 - b**2 + 5*b. Let d(x) be the first derivative of l(x). Determine d(3).
1
Suppose -2*c + 4*o + 37 = -7*c, 0 = 4*c - 3*o + 11. Let f(r) = r**3 + 5*r**2. What is f(c)?
0
Let j(p) = 2*p - 3 - 3*p + 2*p. Let s = 19 - 13. Let g be (-4)/(-26) + s/(-39). Give j(g).
-3
Let m(q) = q + 7*q**2 - q - 6*q**2 - 7*q - 6. Suppose -5*r + 24 = -r. Give m(r).
-12
Let j be 6 + -4 - (-3 - -2). Let g(n) = -j + 14*n**3 - 5*n - 4*n**2 - 15*n**3 - n**2. What is g(-3)?
-6
Let i(f) = f**2 - f + 3. Let x(s) be the second derivative of s**3/6 - s**2 + 2*s. Let m(z) = 3*i(z) + 5*x(z). Let v be (1 + 0)*2/(-1). Calculate m(v).
7
Let s(d) = -d**3 + 7*d**2 - 7*d + 7. Let w be s(6). Let h(v) = 10*v**2 - 1. Give h(w).
9
Let p(x) = -x**3 + 2*x**2 + 3*x + 1. Let i(r) = r**2 - 2*r - 7. Let v be i(5). Let c(m) = 3*m**2 + 3 - m**3 + 0*m**2 + 5*m**2. Let d be c(v). Give p(d).
1
Suppose -2*x = -19 + 7. Let y(r) = r**2 - 4*r - 6. Calculate y(x).
6
Suppose y + 6 = -y. Let k be 5/(-1)*y/5. Let w(b) = b**2 - 4*b - 3. Calculate w(k).
-6
Let a(m) = -m**3 - 7*m**2 + 9*m. Suppose -5*q + 23 = -v, 3*v + 4*q - 4 = 2*v. What is a(v)?
-8
Suppose s + 3*s + 64 = 0. Let x = 17 + s. Let t(y) = 4*y**2 - y. Calculate t(x).
3
Let j(p) = p**3 + 9*p**2 + 6*p - 11. Let f be j(-8). Let t = -4 + f. Let w(u) = -t + 5 + u + 0*u. What is w(4)?
8
Let b(j) = j**3 - 5*j**2 - 3*j - 12. Let x be b(6). Let f(k) = -k**2 + 6*k + 1. Determine f(x).
1
Let c(t) = 5*t + 3. Let n(v) = -4*v - 2. Let y = -2 + 0. Let k(p) = y*c(p) - 3*n(p). Determine k(-1).
-2
Let y(a) = -a**3 + 6*a**2 - 5*a + 3. Let p be 6/(2/((-12)/(-9))). Calculate y(p).
15
Let q(u) = -u**3 - 4*u**2 - 2*u + 7. Let d(v) = v**3 + 2*v**2 + v - 3. Let f(z) = 7*d(z) + 3*q(z). Calculate f(-1).
-3
Let w = -5 - -7. Let p(y) = -5*y + 3. Calculate p(w).
-7
Let g(s) = -3*s + 4*s + s - 2. Let c(d) = -d**2 + 8*d + 22. Let f be c(10). What is g(f)?
2
Let j(x) be the second derivative of x**3/6 + 5*x**2/2 + 2*x - 2. Calculate j(-6).
-1
Let t = -27 - -28. Let l(p) be the first derivative of -2*p**3/3 + p**2/2 - 1. What is l(t)?
-1
Let b(s) = 0*s + 3 + 3*s - 5 - 4*s. What is b(2)?
-4
Let o(d) = d. Let u be o(7). Let a = u - 5. Let w(b) = 2*b + 1. Let s(l) = -4*l - 3. Let p(g) = 2*s(g) + 5*w(g). Determine p(a).
3
Let p(b) = 3*b - 3. Suppose 2*z - 5*i = 6, z + 2*i - 3 = -i. Calculate p(z).
6
Let p = -8 + 26. Suppose 5*t - 5*m - 13 = -3, p = -3*t - 3*m. Let a(b) = b**2 + 2 + b**2 + 6*b - 3*b. What is a(t)?
4
Suppose k = -3*g + 12, 3*k = 2*k + 4*g - 16. Let p(j) = -3*j + 2*j - 1 + 2*j + k. Let w be p(5). Let d(o) = -o**2 + 5*o - 5. Give d(w).
-1
Let z be 6/21*(5 - -2). Let j be (-3)/(-15) + z/(-10). Let o(f) = -f**2 + f - 2. Determine o(j).
-2
Let p = -1 - -6. Suppose 4*s - p - 15 = 0. Suppose 5*t + s*u = -10, 2*t - 6*t - 7 = 5*u. Let d(b) = -b**2 - b. Give d(t).
-6
Let i(y) = y**3 - 18*y**2 - 2*y + 40. Let h be i(18). Let x(o) = 3*o - 5. Determine x(h).
7
Let b(u) = u**2 + 5*u. Suppose -3*a - 36 = -a. Let k = 12 + a. What is b(k)?
6
Let z(j) = -8*j**3 + j. Let r be 18/4*(-4)/(-6). Let u(w) = -w**3 + 2*w**2 + w + 4. Let a be u(r). Let m be 2*(-1)/2 - a. Give z(m).
-7
Let d be 2/3 - (-14)/6. Suppose -2*a + 2 = 0, -3*a + 0*a - 1 = -2*f. Let t(i) = 1 - 2*i + 4 - 2*i - f. Give t(d).
-9
Let x(j) = 7*j - 2. Let y(r) = -14*r + 5. Let f(n) = -7*x(n) - 3*y(n). Determine f(-1).
6
Let u be 1/((-1 - -1) + -1)